41611669?
False
Is 433583574 a multiple of 11?
False
Is 9324304 a multiple of 112?
False
Does 288 divide 297743618?
False
Is 4890398103 a multiple of 4491?
True
Is 9 a factor of 28829269?
False
Is 1962291783 a multiple of 11?
False
Does 38 divide 258736642?
True
Does 12 divide 72102264?
True
Is 72136037 a multiple of 49?
False
Is 1595299777 a multiple of 558?
False
Is 456127200 a multiple of 8?
True
Is 315582772 a multiple of 378?
False
Does 735 divide 419823674?
False
Is 1396 a factor of 13500716?
True
Is 83 a factor of 1945012?
False
Is 664603848 a multiple of 153?
True
Is 33 a factor of 271977684?
True
Does 24 divide 4566312?
True
Is 780 a factor of 262468387?
False
Is 125303724 a multiple of 1449?
True
Is 4685391826 a multiple of 4554?
False
Is 198 a factor of 2980692?
True
Is 44510865 a multiple of 8?
False
Is 3204 a factor of 4928014728?
True
Is 77263774 a multiple of 7?
True
Is 1508 a factor of 82104712?
False
Is 440462260 a multiple of 868?
True
Is 8 a factor of 105331489?
False
Is 203 a factor of 18602434?
False
Does 195 divide 126987853?
False
Does 53 divide 2352499181?
True
Is 6 a factor of 2015849?
False
Is 2786589102 a multiple of 51?
True
Is 331250152 a multiple of 82?
True
Does 15 divide 248319514?
False
Does 65 divide 6302335?
True
Does 20 divide 825305940?
True
Is 116 a factor of 41635068?
True
Does 143 divide 1716166?
False
Is 52 a factor of 2075204192?
False
Is 14 a factor of 503902?
True
Is 5884679 a multiple of 43?
True
Is 235861230 a multiple of 1122?
True
Does 87 divide 1482903603?
True
Is 1330706700 a multiple of 1407?
False
Does 2387 divide 33043621?
False
Is 335201664 a multiple of 192?
True
Is 149158223 a multiple of 27?
False
Does 154 divide 20912068?
False
Is 133455000 a multiple of 525?
True
Is 656 a factor of 899676448?
True
Is 9242490 a multiple of 1910?
True
Is 1107 a factor of 957150945?
True
Is 120754368 a multiple of 96?
True
Is 22244542 even?
True
Does 6095 divide 435093758?
False
Is 358869371 a multiple of 311?
False
Is 2662 a factor of 465389474?
True
Is 535564597 a multiple of 48?
False
Is 8 a factor of 416576744?
True
Is 148541035 a multiple of 627?
False
Does 5943 divide 2522969904?
True
Does 44 divide 12726780?
True
Does 1003 divide 123598687?
True
Is 34228125 a multiple of 125?
True
Is 434 a factor of 882958678?
True
Is 21864069 a multiple of 23?
False
Is 1333 a factor of 19088560?
True
Is 11003075 a multiple of 25?
True
Is 12249160 a multiple of 287?
True
Does 3018 divide 2557417596?
False
Does 151 divide 748308211?
False
Does 2963 divide 67603808?
True
Does 1622 divide 33218560?
True
Does 552 divide 2350173?
False
Is 7068 a factor of 501069861?
False
Does 1076 divide 60802854?
False
Is 2533 a factor of 592295605?
False
Is 54633093 a multiple of 1360?
False
Is 216420968 a multiple of 776?
True
Is 70 a factor of 20083180?
False
Does 385 divide 31613448?
False
Does 1729 divide 78845206?
False
Does 19 divide 880169707?
False
Does 71 divide 13451190?
False
Does 8 divide 107331264?
True
Does 237 divide 20908604?
False
Is 6815886 a multiple of 77?
True
Is 13 a factor of 9824848?
False
Does 90 divide 33899898?
False
Is 216 a factor of 723815136?
True
Is 846920825 a multiple of 4195?
False
Is 13 a factor of 16411707?
True
Is 585 a factor of 13406445?
True
Is 157 a factor of 517977083?
False
Does 563 divide 91245973?
True
Is 606697824 a multiple of 1029?
False
Is 88 a factor of 515794576?
True
Does 12 divide 281040476?
False
Is 86 a factor of 314551278?
True
Is 642941252 a multiple of 116?
True
Is 12 a factor of 230686872?
True
Is 66139728 a multiple of 16?
True
Is 1047745792 a multiple of 117?
False
Is 1393 a factor of 51304020?
False
Does 446 divide 24287830?
False
Does 16 divide 136646192?
True
Is 4118 a factor of 511468618?
False
Does 4 divide 45746132?
True
Is 48761588 a multiple of 11?
False
Does 62 divide 537561018?
True
Is 380 a factor of 1051259430?
False
Is 24989150 a multiple of 850?
True
Is 579 a factor of 1233883329?
False
Does 1442 divide 61231646?
True
Does 16 divide 98307305?
False
Does 4101 divide 118368819?
False
Is 246875255 a multiple of 47?
True
Is 19960363 a multiple of 36?
False
Is 287969249 a multiple of 222?
False
Is 26420799 a multiple of 312?
False
Is 5 a factor of 345149385?
True
Is 2531 a factor of 1617309?
True
Does 3689 divide 2516331229?
False
Is 1211900544 a multiple of 48?
True
Is 2881615792 a multiple of 13256?
True
Is 416 a factor of 939565819?
False
Is 151 a factor of 36654919?
False
Does 3 divide 15098409?
True
Does 18 divide 39814155?
False
Is 5028837 a multiple of 3?
True
Is 108 a factor of 26963043?
False
Is 973005 a multiple of 11?
True
Is 73314600 a multiple of 2840?
True
Does 20 divide 64218540?
True
Does 3 divide 2069229?
True
Does 4 divide 1208997395?
False
Does 769 divide 34484267?
True
Is 87 a factor of 54965336?
False
Is 289 a factor of 43710383?
True
Is 21 a factor of 7665043?
False
Does 79 divide 1475781561?
False
Is 244 a factor of 377265724?
True
Is 475 a factor of 1546610770?
False
Is 335 a factor of 2938955?
True
Is 4086103473 a multiple of 491?
True
Is 24741222 a multiple of 102?
True
Does 148 divide 17892312?
True
Is 11 a factor of 797523001?
True
Does 10 divide 583082370?
True
Does 245 divide 402203025?
True
Is 1651 a factor of 58739278?
True
Is 65663004 a multiple of 132?
True
Is 843 a factor of 199247266?
False
Does 156 divide 13653350?
False
Is 100748946 a multiple of 62?
True
Is 465182110 a multiple of 965?
True
Is 443158063 a multiple of 388?
False
Is 557563857 a multiple of 52?
False
Is 18818264 a multiple of 55?
False
Is 39797811 a multiple of 199?
True
Is 703173960 a multiple of 251?
False
Is 55103250 a multiple of 1172?
False
Is 29247900 a multiple of 1650?
True
Does 1234 divide 1355327671?
False
Is 48098272 a multiple of 32?
True
Does 14 divide 378256724?
False
Is 159 a factor of 50852175?
True
Is 21 a factor of 45287984?
False
Is 1143 a factor of 3335716852?
False
Is 128930788 a multiple of 14?
True
Does 15 divide 111153735?
True
Is 110 a factor of 9851123?
False
Does 149 divide 70214901?
False
Is 44213736 a multiple of 9?
False
Does 71 divide 271185728?
False
Is 4547 a factor of 244996907?
True
Does 14 divide 32976734?
True
Does 19 divide 2568370153?
False
Is 336363160 a multiple of 724?
True
Is 1616362525 a multiple of 25?
True
Is 34 a factor of 110958345?
False
Is 7 a factor of 143083094?
True
Is 47781051 a multiple of 33?
False
Is 2241 a factor of 389656540?
False
Is 113196925 a multiple of 410?
False
Is 1060 a factor of 406043600?
True
Is 8510318 a multiple of 17?
False
Is 132 a factor of 232755864?
True
Is 549221853 a multiple of 2369?
True
Does 11 divide 2111558038?
False
Does 19 divide 82200725?
False
Is 4 a factor of 29207757?
False
Is 87397759 a multiple of 9?
False
Is 764 a factor of 10710170?
False
Is 468 a factor of 472487143?
False
Does 619 divide 11818419?
False
Is 7 a factor of 219550718?
False
Does 132 divide 132418836?
True
Is 25 a factor of 164468025?
True
Is 31204823 a multiple of 5?
False
Is 44 a factor of 934730024?
False
Is 3286 a factor of 3501837624?
True
Is 212029894 a multiple of 1588?
False
Is 18 a factor of 134947098?
True
Is 278 a factor of 623553756?
False
Is 39016368 a multiple of 464?
True
Is 8 a factor of 628240?
True
Is 1508961858 a multiple of 422?
True
Is 2289767089 a multiple of 24?
False
Is 535 a factor of 36088960?
True
Is 6 a factor of 107591080?
False
Is 476075736 a multiple of 577?
False
Is 1018692962 a multiple of 4903?
False
Is 20 a factor of 228193380?
True
Does 642 divide 139515588?
True
Is 3587 a factor of 403573370?
True
Is 388585395 a multiple of 3201?
True
Is 19 a factor of 7537476?
False
Does 452 divide 47499328?
False
Is 10666782 a multiple of 22?
False
Is 162127644 a multiple of 2139?
True
Is 2520157120 a multiple of 3347?
True
Does 24 divide 212625792?
True
Is 114213120 a multiple of 2291?
False
Is 40705540 a multiple of 10?
True
Is 216845612 a multiple of 179?
True
Is 10 a factor of 1021430790?
True
Is 59229573 a multiple of 3?
True
Is 30 a factor of 31979490?
True
Is 175 a factor of 549500?
True
Is 26 a factor of 6974825?
False
Does 15 divide 38456346?
False
Is 7063896 a multiple of 798?
True
Is 573609492 a multiple of 3327?
False
Does 649 divide 16735762?
False
Is 23 a factor of